{"id":4203,"date":"2024-04-01T21:28:42","date_gmt":"2024-04-02T00:28:42","guid":{"rendered":"https:\/\/portal.ifpe.edu.br\/pesqueira\/?page_id=4203"},"modified":"2025-08-14T21:29:54","modified_gmt":"2025-08-15T00:29:54","slug":"mestrado-profissional-em-enfermagem","status":"publish","type":"page","link":"https:\/\/portal.ifpe.edu.br\/pesqueira\/cursos\/pos-graduacoes\/mestrado-profissional-em-enfermagem\/","title":{"rendered":"Programa de P\u00f3s-Gradua\u00e7\u00e3o em Enfermagem"},"content":{"rendered":"\n<p>O Mestrado Profissional em Enfermagem ofertado pelo Programa de P&oacute;s-Gradua&ccedil;&atilde;o em Enfermagem do Instituto Federal de Pernambuco (PPGENF\/IFPE) tem como objetivo formar mestres em Enfermagem para atua&ccedil;&atilde;o sobre a realidade da sa&uacute;de nos diversos cen&aacute;rios de cuidado humano, com vistas ao exerc&iacute;cio da pr&aacute;tica profissional qualificada e interdisciplinar na rede de servi&ccedil;os de sa&uacute;de que promova a melhoria da assist&ecirc;ncia por meio da difus&atilde;o do conhecimento cient&iacute;fico e do desenvolvimento de produtos, processos, m&eacute;todos e t&eacute;cnicas inovadoras para o cuidado integral e que contribua para a resolu&ccedil;&atilde;o das demandas de sa&uacute;de e a melhoria da qualidade de vida da popula&ccedil;&atilde;o.<\/p>\n<p>&nbsp;<\/p>\n<p><a href=\"https:\/\/portal.ifpe.edu.br\/pesqueira\/cursos\/pos-graduacoes\/mestrado-profissional-em-enfermagem\/o-programa\/apresentacao\/\"><img decoding=\"async\" loading=\"lazy\" class=\"lazyload alignnone wp-image-4617\" alt=\"\" width=\"266\" height=\"197\" srcset=\"\" sizes=\"(max-width: 266px) 100vw, 266px\" data-sizes=\"auto\" data-src=\"https:\/\/portal.ifpe.edu.br\/pesqueira\/wp-content\/uploads\/sites\/23\/2024\/06\/BANNER-PPGENF-APRESENTACAO-300x222.png\" data-srcset=\"https:\/\/portal.ifpe.edu.br\/pesqueira\/wp-content\/uploads\/sites\/23\/2024\/06\/BANNER-PPGENF-APRESENTACAO-300x222.png 300w, https:\/\/portal.ifpe.edu.br\/pesqueira\/wp-content\/uploads\/sites\/23\/2024\/06\/BANNER-PPGENF-APRESENTACAO.png 609w\"><\/a>&nbsp; &nbsp; <a href=\"https:\/\/portal.ifpe.edu.br\/pesqueira\/cursos\/pos-graduacoes\/mestrado-profissional-em-enfermagem\/o-programa\/area-de-concentracao-e-linhas-de-pesquisa\/\"><img decoding=\"async\" loading=\"lazy\" class=\"lazyload alignnone wp-image-4618\" alt=\"\" width=\"266\" height=\"197\" srcset=\"\" sizes=\"(max-width: 266px) 100vw, 266px\" data-sizes=\"auto\" data-src=\"https:\/\/portal.ifpe.edu.br\/pesqueira\/wp-content\/uploads\/sites\/23\/2024\/06\/BANNER-PPGENF-AREA-DE-CONCENTRACAO-E-LINHAS-DE-PESQUISA-300x222.png\" data-srcset=\"https:\/\/portal.ifpe.edu.br\/pesqueira\/wp-content\/uploads\/sites\/23\/2024\/06\/BANNER-PPGENF-AREA-DE-CONCENTRACAO-E-LINHAS-DE-PESQUISA-300x222.png 300w, https:\/\/portal.ifpe.edu.br\/pesqueira\/wp-content\/uploads\/sites\/23\/2024\/06\/BANNER-PPGENF-AREA-DE-CONCENTRACAO-E-LINHAS-DE-PESQUISA.png 609w\"><\/a>&nbsp; &nbsp;<a href=\"https:\/\/portal.ifpe.edu.br\/pesqueira\/cursos\/pos-graduacoes\/mestrado-profissional-em-enfermagem\/o-programa\/corpo-docente\/\"><img decoding=\"async\" loading=\"lazy\" class=\"lazyload alignnone wp-image-4619\" alt=\"\" width=\"266\" height=\"197\" srcset=\"\" sizes=\"(max-width: 266px) 100vw, 266px\" data-sizes=\"auto\" data-src=\"https:\/\/portal.ifpe.edu.br\/pesqueira\/wp-content\/uploads\/sites\/23\/2024\/06\/BANNER-PPGENF-CORPO-DOCENTE-300x222.png\" data-srcset=\"https:\/\/portal.ifpe.edu.br\/pesqueira\/wp-content\/uploads\/sites\/23\/2024\/06\/BANNER-PPGENF-CORPO-DOCENTE-300x222.png 300w, https:\/\/portal.ifpe.edu.br\/pesqueira\/wp-content\/uploads\/sites\/23\/2024\/06\/BANNER-PPGENF-CORPO-DOCENTE.png 609w\"><\/a><\/p>\n<p><a href=\"https:\/\/portal.ifpe.edu.br\/pesqueira\/cursos\/pos-graduacoes\/mestrado-profissional-em-enfermagem\/o-programa\/coordenacao\/\"><img decoding=\"async\" loading=\"lazy\" class=\"lazyload alignnone wp-image-4630\" alt=\"\" width=\"266\" height=\"197\" srcset=\"\" sizes=\"(max-width: 266px) 100vw, 266px\" data-sizes=\"auto\" data-src=\"https:\/\/portal.ifpe.edu.br\/pesqueira\/wp-content\/uploads\/sites\/23\/2024\/06\/BANNER-PPGENF-COORDENACAO-E-COLEGIADO-300x222.png\" data-srcset=\"https:\/\/portal.ifpe.edu.br\/pesqueira\/wp-content\/uploads\/sites\/23\/2024\/06\/BANNER-PPGENF-COORDENACAO-E-COLEGIADO-300x222.png 300w, https:\/\/portal.ifpe.edu.br\/pesqueira\/wp-content\/uploads\/sites\/23\/2024\/06\/BANNER-PPGENF-COORDENACAO-E-COLEGIADO.png 609w\"><\/a>&nbsp; &nbsp; <a href=\"https:\/\/portal.ifpe.edu.br\/pesqueira\/cursos\/pos-graduacoes\/mestrado-profissional-em-enfermagem\/o-programa\/estrutura-curricular\/\"><img decoding=\"async\" loading=\"lazy\" class=\"lazyload alignnone wp-image-4631\" alt=\"\" width=\"266\" height=\"197\" srcset=\"\" sizes=\"(max-width: 266px) 100vw, 266px\" data-sizes=\"auto\" data-src=\"https:\/\/portal.ifpe.edu.br\/pesqueira\/wp-content\/uploads\/sites\/23\/2024\/06\/BANNER-PPGENF-ESTRUTURA-CURRICULAR-300x222.png\" data-srcset=\"https:\/\/portal.ifpe.edu.br\/pesqueira\/wp-content\/uploads\/sites\/23\/2024\/06\/BANNER-PPGENF-ESTRUTURA-CURRICULAR-300x222.png 300w, https:\/\/portal.ifpe.edu.br\/pesqueira\/wp-content\/uploads\/sites\/23\/2024\/06\/BANNER-PPGENF-ESTRUTURA-CURRICULAR.png 609w\"><\/a> &nbsp; <a href=\"https:\/\/portal.ifpe.edu.br\/pesqueira\/cursos\/pos-graduacoes\/mestrado-profissional-em-enfermagem\/corpo-discente\/\"><img decoding=\"async\" loading=\"lazy\" class=\"lazyload alignnone wp-image-4682\" alt=\"\" width=\"266\" height=\"197\" srcset=\"\" sizes=\"(max-width: 266px) 100vw, 266px\" data-sizes=\"auto\" data-src=\"https:\/\/portal.ifpe.edu.br\/pesqueira\/wp-content\/uploads\/sites\/23\/2024\/06\/BANNER-PPGENF-CORPO-DISCENTE-300x222.png\" data-srcset=\"https:\/\/portal.ifpe.edu.br\/pesqueira\/wp-content\/uploads\/sites\/23\/2024\/06\/BANNER-PPGENF-CORPO-DISCENTE-300x222.png 300w, https:\/\/portal.ifpe.edu.br\/pesqueira\/wp-content\/uploads\/sites\/23\/2024\/06\/BANNER-PPGENF-CORPO-DISCENTE.png 609w\"><\/a><\/p>\n<p><a href=\"https:\/\/portal.ifpe.edu.br\/pesqueira\/cursos\/pos-graduacoes\/mestrado-profissional-em-enfermagem\/calendario-academico\/\"><img decoding=\"async\" loading=\"lazy\" class=\"lazyload alignnone wp-image-4632\" alt=\"\" width=\"266\" height=\"197\" srcset=\"\" sizes=\"(max-width: 266px) 100vw, 266px\" data-sizes=\"auto\" data-src=\"https:\/\/portal.ifpe.edu.br\/pesqueira\/wp-content\/uploads\/sites\/23\/2024\/06\/BANNER-PPGENF-CALENDARIO-ACADEMICO-300x222.png\" data-srcset=\"https:\/\/portal.ifpe.edu.br\/pesqueira\/wp-content\/uploads\/sites\/23\/2024\/06\/BANNER-PPGENF-CALENDARIO-ACADEMICO-300x222.png 300w, https:\/\/portal.ifpe.edu.br\/pesqueira\/wp-content\/uploads\/sites\/23\/2024\/06\/BANNER-PPGENF-CALENDARIO-ACADEMICO.png 609w\"><\/a> &nbsp; &nbsp;<img decoding=\"async\" loading=\"lazy\" class=\"lazyload alignnone wp-image-4634\" alt=\"\" width=\"266\" height=\"197\" srcset=\"\" sizes=\"(max-width: 266px) 100vw, 266px\" data-sizes=\"auto\" data-src=\"https:\/\/portal.ifpe.edu.br\/pesqueira\/wp-content\/uploads\/sites\/23\/2024\/06\/BANNER-PPGENF-PROJETOS-DE-PESQUISA-300x222.png\" data-srcset=\"https:\/\/portal.ifpe.edu.br\/pesqueira\/wp-content\/uploads\/sites\/23\/2024\/06\/BANNER-PPGENF-PROJETOS-DE-PESQUISA-300x222.png 300w, https:\/\/portal.ifpe.edu.br\/pesqueira\/wp-content\/uploads\/sites\/23\/2024\/06\/BANNER-PPGENF-PROJETOS-DE-PESQUISA.png 609w\">&nbsp; &nbsp;<a href=\"https:\/\/portal.ifpe.edu.br\/pesqueira\/cursos\/pos-graduacoes\/mestrado-profissional-em-enfermagem\/formacao\/grupos-de-pesquisa\/\"><img decoding=\"async\" loading=\"lazy\" class=\"lazyload alignnone wp-image-4635\" alt=\"\" width=\"266\" height=\"197\" srcset=\"\" sizes=\"(max-width: 266px) 100vw, 266px\" data-sizes=\"auto\" data-src=\"https:\/\/portal.ifpe.edu.br\/pesqueira\/wp-content\/uploads\/sites\/23\/2024\/06\/BANNER-PPGENF-GRUPOS-DE-PESQUISA-300x222.png\" data-srcset=\"https:\/\/portal.ifpe.edu.br\/pesqueira\/wp-content\/uploads\/sites\/23\/2024\/06\/BANNER-PPGENF-GRUPOS-DE-PESQUISA-300x222.png 300w, https:\/\/portal.ifpe.edu.br\/pesqueira\/wp-content\/uploads\/sites\/23\/2024\/06\/BANNER-PPGENF-GRUPOS-DE-PESQUISA.png 609w\"><\/a><\/p>\n<p><img decoding=\"async\" loading=\"lazy\" class=\"lazyload alignnone wp-image-4636\" alt=\"\" width=\"266\" height=\"197\" srcset=\"\" sizes=\"(max-width: 266px) 100vw, 266px\" data-sizes=\"auto\" data-src=\"https:\/\/portal.ifpe.edu.br\/pesqueira\/wp-content\/uploads\/sites\/23\/2024\/06\/BANNER-PPGENF-DISSERTACOES--300x222.png\" data-srcset=\"https:\/\/portal.ifpe.edu.br\/pesqueira\/wp-content\/uploads\/sites\/23\/2024\/06\/BANNER-PPGENF-DISSERTACOES--300x222.png 300w, https:\/\/portal.ifpe.edu.br\/pesqueira\/wp-content\/uploads\/sites\/23\/2024\/06\/BANNER-PPGENF-DISSERTACOES-.png 609w\"> &nbsp; &nbsp;<a href=\"https:\/\/portal.ifpe.edu.br\/pesqueira\/cursos\/pos-graduacoes\/mestrado-profissional-em-enfermagem\/producao\/producao-cientifica-2\/\"><img decoding=\"async\" loading=\"lazy\" class=\"lazyload alignnone wp-image-4638\" alt=\"\" width=\"266\" height=\"197\" srcset=\"\" sizes=\"(max-width: 266px) 100vw, 266px\" data-sizes=\"auto\" data-src=\"https:\/\/portal.ifpe.edu.br\/pesqueira\/wp-content\/uploads\/sites\/23\/2024\/06\/BANNER-PPGENF-PRODUCAO-CIENTIFICA-300x222.png\" data-srcset=\"https:\/\/portal.ifpe.edu.br\/pesqueira\/wp-content\/uploads\/sites\/23\/2024\/06\/BANNER-PPGENF-PRODUCAO-CIENTIFICA-300x222.png 300w, https:\/\/portal.ifpe.edu.br\/pesqueira\/wp-content\/uploads\/sites\/23\/2024\/06\/BANNER-PPGENF-PRODUCAO-CIENTIFICA.png 609w\"><\/a> &nbsp;&nbsp;<img decoding=\"async\" loading=\"lazy\" class=\"lazyload alignnone wp-image-4639\" alt=\"\" width=\"266\" height=\"197\" srcset=\"\" sizes=\"(max-width: 266px) 100vw, 266px\" data-sizes=\"auto\" data-src=\"https:\/\/portal.ifpe.edu.br\/pesqueira\/wp-content\/uploads\/sites\/23\/2024\/06\/BANNER-PPGENF-PRODUCAO-TECNICA-300x222.png\" data-srcset=\"https:\/\/portal.ifpe.edu.br\/pesqueira\/wp-content\/uploads\/sites\/23\/2024\/06\/BANNER-PPGENF-PRODUCAO-TECNICA-300x222.png 300w, https:\/\/portal.ifpe.edu.br\/pesqueira\/wp-content\/uploads\/sites\/23\/2024\/06\/BANNER-PPGENF-PRODUCAO-TECNICA.png 609w\"><\/p>\n<p><a href=\"https:\/\/portal.ifpe.edu.br\/pesqueira\/cursos\/pos-graduacoes\/mestrado-profissional-em-enfermagem\/formacao\/repositorio-do-ifpe\/\"><img decoding=\"async\" loading=\"lazy\" class=\"lazyload alignnone wp-image-4640\" alt=\"\" width=\"266\" height=\"197\" srcset=\"\" sizes=\"(max-width: 266px) 100vw, 266px\" data-sizes=\"auto\" data-src=\"https:\/\/portal.ifpe.edu.br\/pesqueira\/wp-content\/uploads\/sites\/23\/2024\/06\/BANNER-PPGENF-REPOSITORIO-DO-IFPE-300x222.png\" data-srcset=\"https:\/\/portal.ifpe.edu.br\/pesqueira\/wp-content\/uploads\/sites\/23\/2024\/06\/BANNER-PPGENF-REPOSITORIO-DO-IFPE-300x222.png 300w, https:\/\/portal.ifpe.edu.br\/pesqueira\/wp-content\/uploads\/sites\/23\/2024\/06\/BANNER-PPGENF-REPOSITORIO-DO-IFPE.png 609w\"><\/a>&nbsp; &nbsp; <img decoding=\"async\" loading=\"lazy\" class=\"lazyload alignnone wp-image-4641\" alt=\"\" width=\"266\" height=\"197\" srcset=\"\" sizes=\"(max-width: 266px) 100vw, 266px\" data-sizes=\"auto\" data-src=\"https:\/\/portal.ifpe.edu.br\/pesqueira\/wp-content\/uploads\/sites\/23\/2024\/06\/BANNER-PPGENF-ACOES-E-EVENTOS-300x222.png\" data-srcset=\"https:\/\/portal.ifpe.edu.br\/pesqueira\/wp-content\/uploads\/sites\/23\/2024\/06\/BANNER-PPGENF-ACOES-E-EVENTOS-300x222.png 300w, https:\/\/portal.ifpe.edu.br\/pesqueira\/wp-content\/uploads\/sites\/23\/2024\/06\/BANNER-PPGENF-ACOES-E-EVENTOS.png 609w\">&nbsp; &nbsp;<a href=\"https:\/\/portal.ifpe.edu.br\/pesqueira\/cursos\/pos-graduacoes\/mestrado-profissional-em-enfermagem\/documentos\/\"><img decoding=\"async\" loading=\"lazy\" class=\"lazyload alignnone wp-image-4642\" alt=\"\" width=\"266\" height=\"197\" srcset=\"\" sizes=\"(max-width: 266px) 100vw, 266px\" data-sizes=\"auto\" data-src=\"https:\/\/portal.ifpe.edu.br\/pesqueira\/wp-content\/uploads\/sites\/23\/2024\/06\/BANNER-PPGENF-DOCUMENTOS-E-FORMULARIOS-300x222.png\" data-srcset=\"https:\/\/portal.ifpe.edu.br\/pesqueira\/wp-content\/uploads\/sites\/23\/2024\/06\/BANNER-PPGENF-DOCUMENTOS-E-FORMULARIOS-300x222.png 300w, https:\/\/portal.ifpe.edu.br\/pesqueira\/wp-content\/uploads\/sites\/23\/2024\/06\/BANNER-PPGENF-DOCUMENTOS-E-FORMULARIOS.png 609w\"><\/a><\/p>\n<p><img decoding=\"async\" loading=\"lazy\" class=\"lazyload alignnone wp-image-4643\" alt=\"\" width=\"266\" height=\"197\" srcset=\"\" sizes=\"(max-width: 266px) 100vw, 266px\" data-sizes=\"auto\" data-src=\"https:\/\/portal.ifpe.edu.br\/pesqueira\/wp-content\/uploads\/sites\/23\/2024\/06\/BANNER-PPGENF-EGRESSOS-300x222.png\" data-srcset=\"https:\/\/portal.ifpe.edu.br\/pesqueira\/wp-content\/uploads\/sites\/23\/2024\/06\/BANNER-PPGENF-EGRESSOS-300x222.png 300w, https:\/\/portal.ifpe.edu.br\/pesqueira\/wp-content\/uploads\/sites\/23\/2024\/06\/BANNER-PPGENF-EGRESSOS.png 609w\">&nbsp; &nbsp; <a href=\"https:\/\/portal.ifpe.edu.br\/pesqueira\/cursos\/pos-graduacoes\/mestrado-profissional-em-enfermagem\/o-programa\/processo-seletivo\/\"><img decoding=\"async\" loading=\"lazy\" class=\"lazyload alignnone wp-image-4644\" alt=\"\" width=\"266\" height=\"197\" srcset=\"\" sizes=\"(max-width: 266px) 100vw, 266px\" data-sizes=\"auto\" data-src=\"https:\/\/portal.ifpe.edu.br\/pesqueira\/wp-content\/uploads\/sites\/23\/2024\/06\/BANNER-PPGENF-PROCESSO-SELETIVO-300x222.png\" data-srcset=\"https:\/\/portal.ifpe.edu.br\/pesqueira\/wp-content\/uploads\/sites\/23\/2024\/06\/BANNER-PPGENF-PROCESSO-SELETIVO-300x222.png 300w, https:\/\/portal.ifpe.edu.br\/pesqueira\/wp-content\/uploads\/sites\/23\/2024\/06\/BANNER-PPGENF-PROCESSO-SELETIVO.png 609w\"><\/a>&nbsp; &nbsp;<a href=\"https:\/\/portal.ifpe.edu.br\/pesqueira\/cursos\/pos-graduacoes\/mestrado-profissional-em-enfermagem\/o-programa\/contatos\/\"><img decoding=\"async\" loading=\"lazy\" class=\"lazyload alignnone wp-image-4645\" alt=\"\" width=\"266\" height=\"197\" srcset=\"\" sizes=\"(max-width: 266px) 100vw, 266px\" data-sizes=\"auto\" data-src=\"https:\/\/portal.ifpe.edu.br\/pesqueira\/wp-content\/uploads\/sites\/23\/2024\/06\/BANNER-PPGENF-CONTATOS-300x222.png\" data-srcset=\"https:\/\/portal.ifpe.edu.br\/pesqueira\/wp-content\/uploads\/sites\/23\/2024\/06\/BANNER-PPGENF-CONTATOS-300x222.png 300w, https:\/\/portal.ifpe.edu.br\/pesqueira\/wp-content\/uploads\/sites\/23\/2024\/06\/BANNER-PPGENF-CONTATOS.png 609w\"><\/a><\/p>\n\n\n    <ul class=\"crunchify-social\">\n        <li class=\"crunchify-social__item crunchify-social__item--first\"><span class=\"sr-only\">Compartilhar conte&uacute;do:<\/span><\/li>\n        <li class=\"crunchify-social__item\">\n            <a class=\"btn crunchify-social__link crunchify-social__link_facebook\" href=\"https:\/\/www.facebook.com\/sharer\/sharer.php?u=https%3A%2F%2Fportal.ifpe.edu.br%2Fpesqueira%2Fcursos%2Fpos-graduacoes%2Fmestrado-profissional-em-enfermagem%2F\" target=\"_blank\" data-toggle=\"tooltip\" data-placement=\"bottom\" title=\"Compartilhe no Facebook\">\n                <svg aria-hidden=\"true\" role=\"img\" width=\"16\" height=\"16\" viewBox=\"0 0 24 24\" xmlns=\"http:\/\/www.w3.org\/2000\/svg\"><path d=\"M22.676 0H1.324C.593 0 0 .593 0 1.324v21.352C0 23.408.593 24 1.324 24h11.494v-9.294H9.689v-3.621h3.129V8.41c0-3.099 1.894-4.785 4.659-4.785 1.325 0 2.464.097 2.796.141v3.24h-1.921c-1.5 0-1.792.721-1.792 1.771v2.311h3.584l-.465 3.63H16.56V24h6.115c.733 0 1.325-.592 1.325-1.324V1.324C24 .593 23.408 0 22.676 0\"\/><\/svg>\n                <span class=\"sr-only\">Facebook<\/span>\n            <\/a>\n        <\/li>\n        <li class=\"crunchify-social__item\">\n            <a class=\"btn crunchify-social__link crunchify-social__link_twitter\" href=\"https:\/\/twitter.com\/intent\/tweet?text=Programa%20de%20P\u00f3s-Gradua\u00e7\u00e3o%20em%20Enfermagem&amp;url=https%3A%2F%2Fportal.ifpe.edu.br%2Fpesqueira%2Fcursos%2Fpos-graduacoes%2Fmestrado-profissional-em-enfermagem%2F\" target=\"_blank\" data-toggle=\"tooltip\" data-placement=\"bottom\" title=\"Compartilhe no Twitter\">\n                <svg aria-hidden=\"true\" role=\"img\" width=\"16\" height=\"16\" viewBox=\"0 0 24 24\" xmlns=\"http:\/\/www.w3.org\/2000\/svg\"><path d=\"M23.954 4.569c-.885.389-1.83.654-2.825.775 1.014-.611 1.794-1.574 2.163-2.723-.951.555-2.005.959-3.127 1.184-.896-.959-2.173-1.559-3.591-1.559-2.717 0-4.92 2.203-4.92 4.917 0 .39.045.765.127 1.124C7.691 8.094 4.066 6.13 1.64 3.161c-.427.722-.666 1.561-.666 2.475 0 1.71.87 3.213 2.188 4.096-.807-.026-1.566-.248-2.228-.616v.061c0 2.385 1.693 4.374 3.946 4.827-.413.111-.849.171-1.296.171-.314 0-.615-.03-.916-.086.631 1.953 2.445 3.377 4.604 3.417-1.68 1.319-3.809 2.105-6.102 2.105-.39 0-.779-.023-1.17-.067 2.189 1.394 4.768 2.209 7.557 2.209 9.054 0 13.999-7.496 13.999-13.986 0-.209 0-.42-.015-.63.961-.689 1.8-1.56 2.46-2.548l-.047-.02z\"\/><\/svg>\n                <span class=\"sr-only\">Twitter<\/span>\n            <\/a>\n        <\/li>\n        <li class=\"crunchify-social__item\">\n            <a class=\"btn crunchify-social__link crunchify-social__link_linkedin\" href=\"https:\/\/www.linkedin.com\/shareArticle?mini=true&url=https%3A%2F%2Fportal.ifpe.edu.br%2Fpesqueira%2Fcursos%2Fpos-graduacoes%2Fmestrado-profissional-em-enfermagem%2F&amp;title=Programa%20de%20P\u00f3s-Gradua\u00e7\u00e3o%20em%20Enfermagem\" target=\"_blank\" data-toggle=\"tooltip\" data-placement=\"bottom\" title=\"Compartilhe no Linkedin\">\n                <svg aria-hidden=\"true\" role=\"img\" width=\"16\" height=\"16\" viewBox=\"0 0 24 24\" xmlns=\"http:\/\/www.w3.org\/2000\/svg\"><path d=\"M20.447 20.452h-3.554v-5.569c0-1.328-.027-3.037-1.852-3.037-1.853 0-2.136 1.445-2.136 2.939v5.667H9.351V9h3.414v1.561h.046c.477-.9 1.637-1.85 3.37-1.85 3.601 0 4.267 2.37 4.267 5.455v6.286zM5.337 7.433c-1.144 0-2.063-.926-2.063-2.065 0-1.138.92-2.063 2.063-2.063 1.14 0 2.064.925 2.064 2.063 0 1.139-.925 2.065-2.064 2.065zm1.782 13.019H3.555V9h3.564v11.452zM22.225 0H1.771C.792 0 0 .774 0 1.729v20.542C0 23.227.792 24 1.771 24h20.451C23.2 24 24 23.227 24 22.271V1.729C24 .774 23.2 0 22.222 0h.003z\"\/><\/svg>\n                <span class=\"sr-only\">LinkedIn<\/span>\n            <\/a>\n        <\/li>\n        <li class=\"crunchify-social__item\">\n            <a class=\"btn crunchify-social__link crunchify-social__link_pinterest\" href=\"https:\/\/pinterest.com\/pin\/create\/button\/?url=https%3A%2F%2Fportal.ifpe.edu.br%2Fpesqueira%2Fcursos%2Fpos-graduacoes%2Fmestrado-profissional-em-enfermagem%2F&amp;media=https:\/\/portal.ifpe.edu.br\/pesqueira\/wp-content\/uploads\/sites\/23\/2024\/05\/banner-PPGENF.jpg&amp;description=Programa%20de%20P\u00f3s-Gradua\u00e7\u00e3o%20em%20Enfermagem\" data-pin-custom=\"true\" target=\"_blank\" data-toggle=\"tooltip\" data-placement=\"bottom\" title=\"Compartilhe no Pinterest\">\n                <svg aria-hidden=\"true\" role=\"img\" width=\"16\" height=\"16\" viewBox=\"0 0 24 24\" xmlns=\"http:\/\/www.w3.org\/2000\/svg\"><path d=\"M12.017 0C5.396 0 .029 5.367.029 11.987c0 5.079 3.158 9.417 7.618 11.162-.105-.949-.199-2.403.041-3.439.219-.937 1.406-5.957 1.406-5.957s-.359-.72-.359-1.781c0-1.663.967-2.911 2.168-2.911 1.024 0 1.518.769 1.518 1.688 0 1.029-.653 2.567-.992 3.992-.285 1.193.6 2.165 1.775 2.165 2.128 0 3.768-2.245 3.768-5.487 0-2.861-2.063-4.869-5.008-4.869-3.41 0-5.409 2.562-5.409 5.199 0 1.033.394 2.143.889 2.741.099.12.112.225.085.345-.09.375-.293 1.199-.334 1.363-.053.225-.172.271-.401.165-1.495-.69-2.433-2.878-2.433-4.646 0-3.776 2.748-7.252 7.92-7.252 4.158 0 7.392 2.967 7.392 6.923 0 4.135-2.607 7.462-6.233 7.462-1.214 0-2.354-.629-2.758-1.379l-.749 2.848c-.269 1.045-1.004 2.352-1.498 3.146 1.123.345 2.306.535 3.55.535 6.607 0 11.985-5.365 11.985-11.987C23.97 5.39 18.592.026 11.985.026L12.017 0z\"\/><\/svg>\n                <span class=\"sr-only\">Pinterest<\/span>\n            <\/a>\n        <\/li>\n        <li class=\"crunchify-social__item\">\n            <a class=\"btn crunchify-social__link crunchify-social__link_whatsapp\" href=\"whatsapp:\/\/send?text=Programa%20de%20P\u00f3s-Gradua\u00e7\u00e3o%20em%20Enfermagem https%3A%2F%2Fportal.ifpe.edu.br%2Fpesqueira%2Fcursos%2Fpos-graduacoes%2Fmestrado-profissional-em-enfermagem%2F\" target=\"_blank\" data-toggle=\"tooltip\" data-placement=\"bottom\" title=\"Compartilhe no WhatsApp\">\n                <svg aria-hidden=\"true\" role=\"img\" width=\"16\" height=\"16\" viewBox=\"0 0 24 24\" xmlns=\"http:\/\/www.w3.org\/2000\/svg\"><path d=\"M17.498 14.382c-.301-.15-1.767-.867-2.04-.966-.273-.101-.473-.15-.673.15-.197.295-.771.964-.944 1.162-.175.195-.349.21-.646.075-.3-.15-1.263-.465-2.403-1.485-.888-.795-1.484-1.77-1.66-2.07-.174-.3-.019-.465.13-.615.136-.135.301-.345.451-.523.146-.181.194-.301.297-.496.1-.21.049-.375-.025-.524-.075-.15-.672-1.62-.922-2.206-.24-.584-.487-.51-.672-.51-.172-.015-.371-.015-.571-.015-.2 0-.523.074-.797.359-.273.3-1.045 1.02-1.045 2.475s1.07 2.865 1.219 3.075c.149.195 2.105 3.195 5.1 4.485.714.3 1.27.48 1.704.629.714.227 1.365.195 1.88.121.574-.091 1.767-.721 2.016-1.426.255-.705.255-1.29.18-1.425-.074-.135-.27-.21-.57-.345m-5.446 7.443h-.016c-1.77 0-3.524-.48-5.055-1.38l-.36-.214-3.75.975 1.005-3.645-.239-.375c-.99-1.576-1.516-3.391-1.516-5.26 0-5.445 4.455-9.885 9.942-9.885 2.654 0 5.145 1.035 7.021 2.91 1.875 1.859 2.909 4.35 2.909 6.99-.004 5.444-4.46 9.885-9.935 9.885M20.52 3.449C18.24 1.245 15.24 0 12.045 0 5.463 0 .104 5.334.101 11.893c0 2.096.549 4.14 1.595 5.945L0 24l6.335-1.652c1.746.943 3.71 1.444 5.71 1.447h.006c6.585 0 11.946-5.336 11.949-11.896 0-3.176-1.24-6.165-3.495-8.411\"\/><\/svg>\n                <span class=\"sr-only\">WhatsApp<\/span>\n            <\/a>\n        <\/li>\n    <\/ul>\n","protected":false},"excerpt":{"rendered":"<p>O Mestrado Profissional em Enfermagem ofertado pelo Programa de P&oacute;s-Gradua&ccedil;&atilde;o em Enfermagem do Instituto Federal de Pernambuco (PPGENF\/IFPE) tem como objetivo formar mestres em Enfermagem para atua&ccedil;&atilde;o sobre a realidade da sa&uacute;de nos diversos cen&aacute;rios de cuidado humano, com vistas ao exerc&iacute;cio da pr&aacute;tica profissional qualificada e interdisciplinar na rede de servi&ccedil;os de sa&uacute;de que promova a melhoria da assist&ecirc;ncia&hellip;<\/p>\n","protected":false},"author":10,"featured_media":4567,"parent":4173,"menu_order":2,"comment_status":"closed","ping_status":"closed","template":"","meta":[],"_links":{"self":[{"href":"https:\/\/portal.ifpe.edu.br\/pesqueira\/wp-json\/wp\/v2\/pages\/4203"}],"collection":[{"href":"https:\/\/portal.ifpe.edu.br\/pesqueira\/wp-json\/wp\/v2\/pages"}],"about":[{"href":"https:\/\/portal.ifpe.edu.br\/pesqueira\/wp-json\/wp\/v2\/types\/page"}],"author":[{"embeddable":true,"href":"https:\/\/portal.ifpe.edu.br\/pesqueira\/wp-json\/wp\/v2\/users\/10"}],"replies":[{"embeddable":true,"href":"https:\/\/portal.ifpe.edu.br\/pesqueira\/wp-json\/wp\/v2\/comments?post=4203"}],"version-history":[{"count":70,"href":"https:\/\/portal.ifpe.edu.br\/pesqueira\/wp-json\/wp\/v2\/pages\/4203\/revisions"}],"predecessor-version":[{"id":6582,"href":"https:\/\/portal.ifpe.edu.br\/pesqueira\/wp-json\/wp\/v2\/pages\/4203\/revisions\/6582"}],"up":[{"embeddable":true,"href":"https:\/\/portal.ifpe.edu.br\/pesqueira\/wp-json\/wp\/v2\/pages\/4173"}],"wp:featuredmedia":[{"embeddable":true,"href":"https:\/\/portal.ifpe.edu.br\/pesqueira\/wp-json\/wp\/v2\/media\/4567"}],"wp:attachment":[{"href":"https:\/\/portal.ifpe.edu.br\/pesqueira\/wp-json\/wp\/v2\/media?parent=4203"}],"curies":[{"name":"wp","href":"https:\/\/api.w.org\/{rel}","templated":true}]}}