{"id":4735,"date":"2023-08-30T12:40:21","date_gmt":"2023-08-30T15:40:21","guid":{"rendered":"https:\/\/portal.ifpe.edu.br\/vitoria\/pesquisa\/iniciacao-cientifica\/"},"modified":"2024-03-19T17:28:32","modified_gmt":"2024-03-19T20:28:32","slug":"iniciacao-cientifica","status":"publish","type":"page","link":"https:\/\/portal.ifpe.edu.br\/vitoria\/pesquisa\/iniciacao-cientifica\/","title":{"rendered":"Inicia\u00e7\u00e3o Cient\u00edfica"},"content":{"rendered":"\n<p><a class=\"link-migracao\" href=\"https:\/\/www.ifpe.edu.br\/campus\/vitoria\/pesquisa\/iniciacao-cientifica\">https:\/\/www.ifpe.edu.br\/campus\/vitoria\/pesquisa\/iniciacao-cientifica<\/a><\/p>\n<p>Os programas de inicia&ccedil;&atilde;o cient&iacute;fica, de incentivo acad&ecirc;mico e de inicia&ccedil;&atilde;o ao desenvolvimento tecnol&oacute;gico e inova&ccedil;&atilde;o t&ecirc;m como objetivo o desenvolvimento do pensamento cient&iacute;fico\/tecnol&oacute;gico e a inicia&ccedil;&atilde;o dos estudantes &agrave; pesquisa.<\/p>\n<p>Saiba quais os programas do IFPE voltados ao financiamento da inicia&ccedil;&atilde;o cient&iacute;fica e tecnol&oacute;gica:<\/p>\n<p>&nbsp;<\/p>\n<p><strong>Educa&ccedil;&atilde;o T&eacute;cnica<br>\n<\/strong>&bull; Programa de Bolsas de Inicia&ccedil;&atilde;o Cient&iacute;fica (PIBIC T&eacute;cnico)<br>\n&bull; Programa de Bolsas de Inova&ccedil;&atilde;o Tecnol&oacute;gica (PIBITI T&eacute;cnico)<\/p>\n<p align=\"JUSTIFY\"><strong><br>\nEduca&ccedil;&atilde;o Superior<br>\n<\/strong>&bull; Programa de Bolsas de Inicia&ccedil;&atilde;o Cient&iacute;fica (PIBIC)<br>\n&bull; Programa de Bolsas de Inicia&ccedil;&atilde;o Cient&iacute;fica &ndash; A&ccedil;&otilde;es Afirmativas (PIBIC-AF)<br>\n&bull; Programa de Bolsas de Inova&ccedil;&atilde;o Tecnol&oacute;gica (PIBITI)<br>\n&bull; Programa de Bolsas de Incentivo Acad&ecirc;mico (BIA)<\/p>\n<p align=\"JUSTIFY\"><strong>DOCUMENTOS RELACIONADOS<br>\n<a class=\"internal-link\" title=\"\" href=\"https:\/\/portal.ifpe.edu.br\/wp-content\/uploads\/repositoriolegado\/vitoria\/documentos\/RegulamentodeIniciaoCientfica.pdf\" target=\"_self\" rel=\"noopener\">Regulamento Geral da Inicia&ccedil;&atilde;o Cient&iacute;fica do IFPE<br>\n<\/a><\/strong><strong><a class=\"internal-link\" title=\"\" href=\"https:\/\/portal.ifpe.edu.br\/wp-content\/uploads\/repositoriolegado\/vitoria\/documentos\/RegulamentodeSubstituiodeBolsistasVersoFinal.pdf\" target=\"_self\" rel=\"noopener\">Regulamento de Substitui&ccedil;&atilde;o do Bolsista<br>\n<\/a><a class=\"internal-link\" title=\"\" href=\"https:\/\/portal.ifpe.edu.br\/wp-content\/uploads\/repositoriolegado\/vitoria\/documentos\/formulriodecancelamentoesubstituio.docx\" target=\"_self\" rel=\"noopener\">Formul&aacute;rio de Cancelamento e Substitui&ccedil;&atilde;o&nbsp;<\/a><\/strong><\/p>\n<p align=\"JUSTIFY\"><strong><br>\nDECLARA&Ccedil;&Otilde;ES*<br>\n<\/strong><sub>*Apenas de bolsas financiadas pelo Campus. As declara&ccedil;&otilde;es referentes a bolsas financiadas por ag&ecirc;ncias de fomentos devem ser solicitadas &agrave; Diretoria de Pesquisa do IFPE atrav&eacute;s do e-mail dpesq@reitoria.ifpe.edu.br.<\/sub><\/p>\n<p align=\"JUSTIFY\"><strong><br>\n2023<br>\n<\/strong><a class=\"internal-link\" title=\"\" href=\"https:\/\/portal.ifpe.edu.br\/wp-content\/uploads\/repositoriolegado\/vitoria\/documentos\/ReuniodeEstudantesBolsistaseVoluntrios.rar\" target=\"_self\" rel=\"noopener\"><br>\nReuni&atilde;o de Estudantes bolsistas e Volunt&aacute;rios (28.03.2023)<\/a><\/p>\n<p>&nbsp;<\/p>\n<p><strong>Programa de Bolsas de Incentivo Acad&ecirc;mico (BIA)<\/strong><\/p>\n<p><strong><strong>2020-2021<br>\n<\/strong><\/strong><\/p>\n<p><strong>Edital n&ordm; 01\/2020<\/strong><br>\n<a class=\"internal-link\" title=\"\" href=\"https:\/\/portal.ifpe.edu.br\/wp-content\/uploads\/repositoriolegado\/vitoria\/documentos\/BIA.rar\" target=\"_self\" rel=\"noopener\">Declara&ccedil;&otilde;es<\/a><\/p>\n<p><strong><br>\n2019-2020<\/strong><\/p>\n<p><strong>Edital n&ordm; 03\/2019<\/strong><br>\n<a class=\"internal-link\" title=\"\" href=\"https:\/\/portal.ifpe.edu.br\/wp-content\/uploads\/repositoriolegado\/vitoria\/documentos\/copy_of_Discentes.rar\" target=\"_self\" rel=\"noopener\">Participa&ccedil;&atilde;o (discentes)<\/a><br>\n<a class=\"internal-link\" title=\"\" href=\"https:\/\/portal.ifpe.edu.br\/wp-content\/uploads\/repositoriolegado\/vitoria\/documentos\/copy_of_Orientadora.rar\" target=\"_self\" rel=\"noopener\">Orienta&ccedil;&otilde;es<\/a><\/p>\n<p><strong>Edital n&deg; 01\/2019<\/strong><br>\n<a class=\"internal-link\" title=\"\" href=\"https:\/\/portal.ifpe.edu.br\/wp-content\/uploads\/repositoriolegado\/vitoria\/documentos\/Discentes.rar\" target=\"_self\" rel=\"noopener\">Participa&ccedil;&atilde;o (discentes)<\/a><br>\n<a class=\"internal-link\" title=\"\" href=\"https:\/\/portal.ifpe.edu.br\/wp-content\/uploads\/repositoriolegado\/vitoria\/documentos\/Orientadora.rar\" target=\"_self\" rel=\"noopener\">Orienta&ccedil;&otilde;es<\/a><\/p>\n<p><strong><br>\nProgramas de Inicia&ccedil;&atilde;o Cient&iacute;fica e de Inova&ccedil;&atilde;o Tecnol&oacute;gica<br>\n<\/strong><strong><br>\n2022-2023<br>\n<\/strong><a href=\"https:\/\/drive.google.com\/file\/d\/1T--9PThkKKbtezYI5jTM42c_Sop3RyZq\/view?usp=sharing\">PIBIC Afirmativas<\/a><br>\n<a href=\"https:\/\/drive.google.com\/file\/d\/1cnFY6_JnJd-XxfAYwm7VHvkS3sywCfqi\/view?usp=sharing\">PIBIC Gradua&ccedil;&atilde;o<\/a><br>\n<a href=\"https:\/\/drive.google.com\/file\/d\/1nTG7CjBMkhg_7DNPIrHOAu7H8NYTOzQB\/view?usp=sharing\">PIBIC T&eacute;cnico<\/a><br>\n<a href=\"https:\/\/drive.google.com\/file\/d\/1lFV8ACt7b8Hrpep-6hkFBeaDorY7DptV\/view?usp=sharing\">Orientadores\/as<\/a><strong><br>\n<\/strong><\/p>\n<p><strong><br>\n2021-2022<\/strong><br>\n<a class=\"internal-link\" title=\"\" href=\"https:\/\/portal.ifpe.edu.br\/wp-content\/uploads\/repositoriolegado\/vitoria\/documentos\/PIBICAF2021_2022PDF.rar\" target=\"_self\" rel=\"noopener\">PIBIC Afirmativas<\/a><br>\n<a class=\"internal-link\" title=\"\" href=\"https:\/\/portal.ifpe.edu.br\/wp-content\/uploads\/repositoriolegado\/vitoria\/documentos\/PIBICGrad2021_2022PDF.rar\" target=\"_self\" rel=\"noopener\">PIBIC Gradua&ccedil;&atilde;o<\/a><br>\n<a class=\"internal-link\" title=\"\" href=\"https:\/\/portal.ifpe.edu.br\/wp-content\/uploads\/repositoriolegado\/vitoria\/documentos\/PIBICTc.2021_2022pdf.rar\" target=\"_self\" rel=\"noopener\">PIBIC T&eacute;cnico<\/a><\/p>\n<p><strong><br>\n2020-2021<\/strong><br>\n<strong>Edital n&ordm;02\/2020<\/strong><br>\n<a class=\"internal-link\" title=\"\" href=\"https:\/\/portal.ifpe.edu.br\/wp-content\/uploads\/repositoriolegado\/vitoria\/documentos\/PIBICGraduao.rar\" target=\"_self\" rel=\"noopener\">PIBIC Gradua&ccedil;&atilde;o<\/a><br>\n<a class=\"internal-link\" title=\"\" href=\"https:\/\/portal.ifpe.edu.br\/wp-content\/uploads\/repositoriolegado\/vitoria\/documentos\/PIBICTcnico.rar\" target=\"_self\" rel=\"noopener\">PIBIC T&eacute;cnico<\/a><br>\n<a class=\"internal-link\" title=\"\" href=\"https:\/\/portal.ifpe.edu.br\/wp-content\/uploads\/repositoriolegado\/vitoria\/documentos\/PIBITI.rar\" target=\"_self\" rel=\"noopener\">PIBITI Superior<\/a><\/p>\n<p><strong><br>\n2019-2020<\/strong><\/p>\n<p><strong>Orienta&ccedil;&otilde;es<br>\n<\/strong><a class=\"internal-link\" title=\"\" href=\"https:\/\/portal.ifpe.edu.br\/wp-content\/uploads\/repositoriolegado\/vitoria\/documentos\/PIBICAFIRMATIVAS.rar\" target=\"_self\" rel=\"noopener\">PIBIC Afirmativas<\/a><br>\n<a class=\"internal-link\" title=\"\" href=\"https:\/\/portal.ifpe.edu.br\/wp-content\/uploads\/repositoriolegado\/vitoria\/documentos\/PIBICGRADUAO.rar\" target=\"_self\" rel=\"noopener\">PIBIC Gradua&ccedil;&atilde;o<br>\n<\/a><a class=\"internal-link\" title=\"\" href=\"https:\/\/portal.ifpe.edu.br\/wp-content\/uploads\/repositoriolegado\/vitoria\/documentos\/PIBICTCNICO.rar\" target=\"_self\" rel=\"noopener\">PIBIC T&eacute;cnico<\/a><\/p>\n<p><strong>Participa&ccedil;&atilde;o (discentes)<br>\n<\/strong><a class=\"internal-link\" title=\"\" href=\"https:\/\/portal.ifpe.edu.br\/wp-content\/uploads\/repositoriolegado\/vitoria\/documentos\/copy_of_PIBICAFIRMATIVAS.rar\" target=\"_self\" rel=\"noopener\">PIBIC Afirmativas&nbsp;<\/a><br>\n<a class=\"internal-link\" title=\"\" href=\"https:\/\/portal.ifpe.edu.br\/wp-content\/uploads\/repositoriolegado\/vitoria\/documentos\/copy_of_PIBICGRADUAO.rar\" target=\"_self\" rel=\"noopener\">PIBIC Gradua&ccedil;&atilde;o&nbsp;<\/a><br>\n<a class=\"internal-link\" title=\"\" href=\"https:\/\/portal.ifpe.edu.br\/wp-content\/uploads\/repositoriolegado\/vitoria\/documentos\/copy_of_PIBICTCNICO.rar\" target=\"_self\" rel=\"noopener\">PIBIC T&eacute;cnico<\/a><\/p>\n<p><strong><br>\n2018-2019<br>\n<\/strong><a class=\"internal-link\" title=\"\" href=\"https:\/\/portal.ifpe.edu.br\/wp-content\/uploads\/repositoriolegado\/vitoria\/documentos\/PIBICafirmativas20182019.rar\" target=\"_self\" rel=\"noopener\">PIBIC Afirmativas<\/a><br>\n<a class=\"internal-link\" title=\"\" href=\"https:\/\/portal.ifpe.edu.br\/wp-content\/uploads\/repositoriolegado\/vitoria\/documentos\/PIBICgraduao.rar\" target=\"_self\" rel=\"noopener\">PIBIC Gradua&ccedil;&atilde;o<\/a><br>\n<a class=\"internal-link\" title=\"\" href=\"https:\/\/portal.ifpe.edu.br\/wp-content\/uploads\/repositoriolegado\/vitoria\/documentos\/ElionelFernandesNascimento.rar\" target=\"_self\" rel=\"noopener\">PIBIC T&eacute;cnico<br>\n<\/a><strong><br>\n<\/strong><\/p>\n<p><strong><strong>2017 &ndash; 2018<br>\n<\/strong><\/strong><a class=\"internal-link\" title=\"\" href=\"https:\/\/portal.ifpe.edu.br\/wp-content\/uploads\/repositoriolegado\/vitoria\/documentos\/PIBICAF2017_18.rar\" target=\"_self\" rel=\"noopener\">PIBIC Afirmativas<\/a><br>\n<a class=\"internal-link\" title=\"\" href=\"https:\/\/portal.ifpe.edu.br\/wp-content\/uploads\/repositoriolegado\/vitoria\/documentos\/PIBICGrad2017_18.rar\" target=\"_self\" rel=\"noopener\">PIBIC Gradua&ccedil;&atilde;o<\/a><br>\n<a class=\"internal-link\" title=\"\" href=\"https:\/\/portal.ifpe.edu.br\/wp-content\/uploads\/repositoriolegado\/vitoria\/documentos\/PIBICTEC2017_18.rar\" target=\"_self\" rel=\"noopener\">PIBIC T&eacute;cnico<\/a><\/p>\n<p><strong>2016-2017<\/strong><br>\n<a class=\"internal-link\" title=\"\" href=\"https:\/\/portal.ifpe.edu.br\/wp-content\/uploads\/repositoriolegado\/vitoria\/documentos\/PIBICAF20162017.rar\" target=\"_self\" rel=\"noopener\">PIBIC Afirmativas<\/a><br>\n<a class=\"internal-link\" title=\"\" href=\"https:\/\/portal.ifpe.edu.br\/wp-content\/uploads\/repositoriolegado\/vitoria\/documentos\/PIBICGRad20162017.rar\" target=\"_self\" rel=\"noopener\">PIBIC Gradua&ccedil;&atilde;o<\/a><br>\n<a class=\"internal-link\" title=\"\" href=\"https:\/\/portal.ifpe.edu.br\/wp-content\/uploads\/repositoriolegado\/vitoria\/documentos\/PIBICTec20162017.rar\" target=\"_self\" rel=\"noopener\">PIBIC T&eacute;cnico<br>\n<\/a><\/p>\n<p><strong><br>\n2015-2016<\/strong><br>\n<a class=\"internal-link\" title=\"\" href=\"https:\/\/portal.ifpe.edu.br\/wp-content\/uploads\/repositoriolegado\/vitoria\/documentos\/PIBICAF20152016.rar\" target=\"_self\" rel=\"noopener\">PIBIC Afirmativas<\/a><br>\n<a class=\"internal-link\" title=\"\" href=\"https:\/\/portal.ifpe.edu.br\/wp-content\/uploads\/repositoriolegado\/vitoria\/documentos\/PIBICGrad.20152016.rar\" target=\"_self\" rel=\"noopener\">PIBIC Gradua&ccedil;&atilde;o<\/a><br>\n<a class=\"internal-link\" title=\"\" href=\"https:\/\/portal.ifpe.edu.br\/wp-content\/uploads\/repositoriolegado\/vitoria\/documentos\/PIBICTec20152016.rar\" target=\"_self\" rel=\"noopener\">PIBIC T&eacute;cnico<\/a><\/p>\n<p><strong>XII CONIC<br>\n<\/strong><a class=\"internal-link\" title=\"\" href=\"https:\/\/portal.ifpe.edu.br\/wp-content\/uploads\/repositoriolegado\/vitoria\/documentos\/CertificadosemPDF.rar\" target=\"_self\" rel=\"noopener\">Monitores<\/a><\/p>\n<p>&nbsp;<\/p>\n<p><strong>&nbsp;<\/strong><\/p>\n\n\n    <ul class=\"crunchify-social\">\n        <li class=\"crunchify-social__item crunchify-social__item--first\"><span class=\"sr-only\">Compartilhar conte&uacute;do:<\/span><\/li>\n        <li class=\"crunchify-social__item\">\n            <a class=\"btn crunchify-social__link crunchify-social__link_facebook\" href=\"https:\/\/www.facebook.com\/sharer\/sharer.php?u=https%3A%2F%2Fportal.ifpe.edu.br%2Fvitoria%2Fpesquisa%2Finiciacao-cientifica%2F\" target=\"_blank\" data-toggle=\"tooltip\" data-placement=\"bottom\" title=\"Compartilhe no Facebook\">\n                <svg aria-hidden=\"true\" role=\"img\" width=\"16\" height=\"16\" viewBox=\"0 0 24 24\" xmlns=\"http:\/\/www.w3.org\/2000\/svg\"><path d=\"M22.676 0H1.324C.593 0 0 .593 0 1.324v21.352C0 23.408.593 24 1.324 24h11.494v-9.294H9.689v-3.621h3.129V8.41c0-3.099 1.894-4.785 4.659-4.785 1.325 0 2.464.097 2.796.141v3.24h-1.921c-1.5 0-1.792.721-1.792 1.771v2.311h3.584l-.465 3.63H16.56V24h6.115c.733 0 1.325-.592 1.325-1.324V1.324C24 .593 23.408 0 22.676 0\"\/><\/svg>\n                <span class=\"sr-only\">Facebook<\/span>\n            <\/a>\n        <\/li>\n        <li class=\"crunchify-social__item\">\n            <a class=\"btn crunchify-social__link crunchify-social__link_twitter\" href=\"https:\/\/twitter.com\/intent\/tweet?text=Inicia\u00e7\u00e3o%20Cient\u00edfica&amp;url=https%3A%2F%2Fportal.ifpe.edu.br%2Fvitoria%2Fpesquisa%2Finiciacao-cientifica%2F\" target=\"_blank\" data-toggle=\"tooltip\" data-placement=\"bottom\" title=\"Compartilhe no Twitter\">\n                <svg aria-hidden=\"true\" role=\"img\" width=\"16\" height=\"16\" viewBox=\"0 0 24 24\" xmlns=\"http:\/\/www.w3.org\/2000\/svg\"><path d=\"M23.954 4.569c-.885.389-1.83.654-2.825.775 1.014-.611 1.794-1.574 2.163-2.723-.951.555-2.005.959-3.127 1.184-.896-.959-2.173-1.559-3.591-1.559-2.717 0-4.92 2.203-4.92 4.917 0 .39.045.765.127 1.124C7.691 8.094 4.066 6.13 1.64 3.161c-.427.722-.666 1.561-.666 2.475 0 1.71.87 3.213 2.188 4.096-.807-.026-1.566-.248-2.228-.616v.061c0 2.385 1.693 4.374 3.946 4.827-.413.111-.849.171-1.296.171-.314 0-.615-.03-.916-.086.631 1.953 2.445 3.377 4.604 3.417-1.68 1.319-3.809 2.105-6.102 2.105-.39 0-.779-.023-1.17-.067 2.189 1.394 4.768 2.209 7.557 2.209 9.054 0 13.999-7.496 13.999-13.986 0-.209 0-.42-.015-.63.961-.689 1.8-1.56 2.46-2.548l-.047-.02z\"\/><\/svg>\n                <span class=\"sr-only\">Twitter<\/span>\n            <\/a>\n        <\/li>\n        <li class=\"crunchify-social__item\">\n            <a class=\"btn crunchify-social__link crunchify-social__link_linkedin\" href=\"https:\/\/www.linkedin.com\/shareArticle?mini=true&url=https%3A%2F%2Fportal.ifpe.edu.br%2Fvitoria%2Fpesquisa%2Finiciacao-cientifica%2F&amp;title=Inicia\u00e7\u00e3o%20Cient\u00edfica\" target=\"_blank\" data-toggle=\"tooltip\" data-placement=\"bottom\" title=\"Compartilhe no Linkedin\">\n                <svg aria-hidden=\"true\" role=\"img\" width=\"16\" height=\"16\" viewBox=\"0 0 24 24\" xmlns=\"http:\/\/www.w3.org\/2000\/svg\"><path d=\"M20.447 20.452h-3.554v-5.569c0-1.328-.027-3.037-1.852-3.037-1.853 0-2.136 1.445-2.136 2.939v5.667H9.351V9h3.414v1.561h.046c.477-.9 1.637-1.85 3.37-1.85 3.601 0 4.267 2.37 4.267 5.455v6.286zM5.337 7.433c-1.144 0-2.063-.926-2.063-2.065 0-1.138.92-2.063 2.063-2.063 1.14 0 2.064.925 2.064 2.063 0 1.139-.925 2.065-2.064 2.065zm1.782 13.019H3.555V9h3.564v11.452zM22.225 0H1.771C.792 0 0 .774 0 1.729v20.542C0 23.227.792 24 1.771 24h20.451C23.2 24 24 23.227 24 22.271V1.729C24 .774 23.2 0 22.222 0h.003z\"\/><\/svg>\n                <span class=\"sr-only\">LinkedIn<\/span>\n            <\/a>\n        <\/li>\n        <li class=\"crunchify-social__item\">\n            <a class=\"btn crunchify-social__link crunchify-social__link_pinterest\" href=\"https:\/\/pinterest.com\/pin\/create\/button\/?url=https%3A%2F%2Fportal.ifpe.edu.br%2Fvitoria%2Fpesquisa%2Finiciacao-cientifica%2F&amp;media=&amp;description=Inicia\u00e7\u00e3o%20Cient\u00edfica\" data-pin-custom=\"true\" target=\"_blank\" data-toggle=\"tooltip\" data-placement=\"bottom\" title=\"Compartilhe no Pinterest\">\n                <svg aria-hidden=\"true\" role=\"img\" width=\"16\" height=\"16\" viewBox=\"0 0 24 24\" xmlns=\"http:\/\/www.w3.org\/2000\/svg\"><path d=\"M12.017 0C5.396 0 .029 5.367.029 11.987c0 5.079 3.158 9.417 7.618 11.162-.105-.949-.199-2.403.041-3.439.219-.937 1.406-5.957 1.406-5.957s-.359-.72-.359-1.781c0-1.663.967-2.911 2.168-2.911 1.024 0 1.518.769 1.518 1.688 0 1.029-.653 2.567-.992 3.992-.285 1.193.6 2.165 1.775 2.165 2.128 0 3.768-2.245 3.768-5.487 0-2.861-2.063-4.869-5.008-4.869-3.41 0-5.409 2.562-5.409 5.199 0 1.033.394 2.143.889 2.741.099.12.112.225.085.345-.09.375-.293 1.199-.334 1.363-.053.225-.172.271-.401.165-1.495-.69-2.433-2.878-2.433-4.646 0-3.776 2.748-7.252 7.92-7.252 4.158 0 7.392 2.967 7.392 6.923 0 4.135-2.607 7.462-6.233 7.462-1.214 0-2.354-.629-2.758-1.379l-.749 2.848c-.269 1.045-1.004 2.352-1.498 3.146 1.123.345 2.306.535 3.55.535 6.607 0 11.985-5.365 11.985-11.987C23.97 5.39 18.592.026 11.985.026L12.017 0z\"\/><\/svg>\n                <span class=\"sr-only\">Pinterest<\/span>\n            <\/a>\n        <\/li>\n        <li class=\"crunchify-social__item\">\n            <a class=\"btn crunchify-social__link crunchify-social__link_whatsapp\" href=\"whatsapp:\/\/send?text=Inicia\u00e7\u00e3o%20Cient\u00edfica https%3A%2F%2Fportal.ifpe.edu.br%2Fvitoria%2Fpesquisa%2Finiciacao-cientifica%2F\" target=\"_blank\" data-toggle=\"tooltip\" data-placement=\"bottom\" title=\"Compartilhe no WhatsApp\">\n                <svg aria-hidden=\"true\" role=\"img\" width=\"16\" height=\"16\" viewBox=\"0 0 24 24\" xmlns=\"http:\/\/www.w3.org\/2000\/svg\"><path d=\"M17.498 14.382c-.301-.15-1.767-.867-2.04-.966-.273-.101-.473-.15-.673.15-.197.295-.771.964-.944 1.162-.175.195-.349.21-.646.075-.3-.15-1.263-.465-2.403-1.485-.888-.795-1.484-1.77-1.66-2.07-.174-.3-.019-.465.13-.615.136-.135.301-.345.451-.523.146-.181.194-.301.297-.496.1-.21.049-.375-.025-.524-.075-.15-.672-1.62-.922-2.206-.24-.584-.487-.51-.672-.51-.172-.015-.371-.015-.571-.015-.2 0-.523.074-.797.359-.273.3-1.045 1.02-1.045 2.475s1.07 2.865 1.219 3.075c.149.195 2.105 3.195 5.1 4.485.714.3 1.27.48 1.704.629.714.227 1.365.195 1.88.121.574-.091 1.767-.721 2.016-1.426.255-.705.255-1.29.18-1.425-.074-.135-.27-.21-.57-.345m-5.446 7.443h-.016c-1.77 0-3.524-.48-5.055-1.38l-.36-.214-3.75.975 1.005-3.645-.239-.375c-.99-1.576-1.516-3.391-1.516-5.26 0-5.445 4.455-9.885 9.942-9.885 2.654 0 5.145 1.035 7.021 2.91 1.875 1.859 2.909 4.35 2.909 6.99-.004 5.444-4.46 9.885-9.935 9.885M20.52 3.449C18.24 1.245 15.24 0 12.045 0 5.463 0 .104 5.334.101 11.893c0 2.096.549 4.14 1.595 5.945L0 24l6.335-1.652c1.746.943 3.71 1.444 5.71 1.447h.006c6.585 0 11.946-5.336 11.949-11.896 0-3.176-1.24-6.165-3.495-8.411\"\/><\/svg>\n                <span class=\"sr-only\">WhatsApp<\/span>\n            <\/a>\n        <\/li>\n    <\/ul>\n","protected":false},"excerpt":{"rendered":"<p>https:\/\/www.ifpe.edu.br\/campus\/vitoria\/pesquisa\/iniciacao-cientifica Os programas de inicia&ccedil;&atilde;o cient&iacute;fica, de incentivo acad&ecirc;mico e de inicia&ccedil;&atilde;o ao desenvolvimento tecnol&oacute;gico e inova&ccedil;&atilde;o t&ecirc;m como objetivo o desenvolvimento do pensamento cient&iacute;fico\/tecnol&oacute;gico e a inicia&ccedil;&atilde;o dos estudantes &agrave; pesquisa. Saiba quais os programas do IFPE voltados ao financiamento da inicia&ccedil;&atilde;o cient&iacute;fica e tecnol&oacute;gica: &nbsp; Educa&ccedil;&atilde;o T&eacute;cnica &bull; Programa de Bolsas de Inicia&ccedil;&atilde;o Cient&iacute;fica (PIBIC T&eacute;cnico) &bull; Programa&hellip;<\/p>\n","protected":false},"author":1,"featured_media":0,"parent":4641,"menu_order":0,"comment_status":"closed","ping_status":"closed","template":"","meta":[],"_links":{"self":[{"href":"https:\/\/portal.ifpe.edu.br\/vitoria\/wp-json\/wp\/v2\/pages\/4735"}],"collection":[{"href":"https:\/\/portal.ifpe.edu.br\/vitoria\/wp-json\/wp\/v2\/pages"}],"about":[{"href":"https:\/\/portal.ifpe.edu.br\/vitoria\/wp-json\/wp\/v2\/types\/page"}],"author":[{"embeddable":true,"href":"https:\/\/portal.ifpe.edu.br\/vitoria\/wp-json\/wp\/v2\/users\/1"}],"replies":[{"embeddable":true,"href":"https:\/\/portal.ifpe.edu.br\/vitoria\/wp-json\/wp\/v2\/comments?post=4735"}],"version-history":[{"count":6,"href":"https:\/\/portal.ifpe.edu.br\/vitoria\/wp-json\/wp\/v2\/pages\/4735\/revisions"}],"predecessor-version":[{"id":6563,"href":"https:\/\/portal.ifpe.edu.br\/vitoria\/wp-json\/wp\/v2\/pages\/4735\/revisions\/6563"}],"up":[{"embeddable":true,"href":"https:\/\/portal.ifpe.edu.br\/vitoria\/wp-json\/wp\/v2\/pages\/4641"}],"wp:attachment":[{"href":"https:\/\/portal.ifpe.edu.br\/vitoria\/wp-json\/wp\/v2\/media?parent=4735"}],"curies":[{"name":"wp","href":"https:\/\/api.w.org\/{rel}","templated":true}]}}